he tens digit of 1812?
1
What is the hundreds digit of 2029?
0
What is the units digit of 334?
4
What is the tens digit of 9255?
5
What is the units digit of 1148?
8
What is the tens digit of 520?
2
What is the hundreds digit of 164?
1
What is the ten thousands digit of 36571?
3
What is the tens digit of 50835?
3
What is the thousands digit of 81825?
1
What is the tens digit of 105789?
8
What is the tens digit of 70220?
2
What is the tens digit of 7643?
4
What is the tens digit of 986?
8
What is the units digit of 315?
5
What is the hundreds digit of 3325?
3
What is the hundred thousands digit of 130310?
1
What is the units digit of 5473?
3
What is the tens digit of 14200?
0
What is the units digit of 1960?
0
What is the ten thousands digit of 170846?
7
What is the ten thousands digit of 86101?
8
What is the thousands digit of 37805?
7
What is the ten thousands digit of 15305?
1
What is the units digit of 109?
9
What is the hundreds digit of 8679?
6
What is the tens digit of 26?
2
What is the tens digit of 2836?
3
What is the hundreds digit of 16564?
5
What is the units digit of 343?
3
What is the units digit of 355?
5
What is the thousands digit of 8503?
8
What is the thousands digit of 6206?
6
What is the hundreds digit of 489?
4
What is the tens digit of 2140?
4
What is the hundreds digit of 1062?
0
What is the units digit of 30938?
8
What is the thousands digit of 2753?
2
What is the ten thousands digit of 117827?
1
What is the thousands digit of 2566?
2
What is the hundreds digit of 10006?
0
What is the tens digit of 1453?
5
What is the thousands digit of 1775?
1
What is the units digit of 17914?
4
What is the ten thousands digit of 76873?
7
What is the thousands digit of 25087?
5
What is the units digit of 10462?
2
What is the hundreds digit of 284?
2
What is the units digit of 1016?
6
What is the units digit of 4457?
7
What is the hundreds digit of 867?
8
What is the units digit of 671?
1
What is the ten thousands digit of 72809?
7
What is the tens digit of 6341?
4
What is the hundreds digit of 73666?
6
What is the thousands digit of 57573?
7
What is the units digit of 7922?
2
What is the hundreds digit of 911?
9
What is the hundreds digit of 7383?
3
What is the hundreds digit of 422?
4
What is the hundred thousands digit of 160161?
1
What is the hundreds digit of 8746?
7
What is the units digit of 608?
8
What is the tens digit of 1761?
6
What is the tens digit of 823?
2
What is the ten thousands digit of 88788?
8
What is the hundreds digit of 3258?
2
What is the units digit of 3774?
4
What is the ten thousands digit of 62506?
6
What is the thousands digit of 6556?
6
What is the tens digit of 9226?
2
What is the thousands digit of 95704?
5
What is the thousands digit of 20133?
0
What is the thousands digit of 2245?
2
What is the tens digit of 22464?
6
What is the units digit of 1114?
4
What is the units digit of 1895?
5
What is the tens digit of 928?
2
What is the tens digit of 35696?
9
What is the thousands digit of 2576?
2
What is the hundreds digit of 25464?
4
What is the units digit of 6925?
5
What is the hundreds digit of 5325?
3
What is the tens digit of 5811?
1
What is the units digit of 702?
2
What is the tens digit of 57157?
5
What is the ten thousands digit of 33866?
3
What is the hundreds digit of 787?
7
What is the tens digit of 700?
0
What is the tens digit of 2312?
1
What is the tens digit of 96?
9
What is the hundreds digit of 112618?
6
What is the tens digit of 123?
2
What is the units digit of 1024?
4
What is the tens digit of 326?
2
What is the tens digit of 91112?
1
What is the hundreds digit of 500?
5
What is the ten thousands digit of 11861?
1
What is the hundreds digit of 4179?
1
What is the hundreds digit of 813?
8
What is the thousands digit of 40812?
0
What is the tens digit of 1966?
6
What is the ten thousands digit of 47310?
4
What is the hundreds digit of 2466?
4
What is the hundreds digit of 180?
1
What is the thousands digit of 5362?
5
What is the tens digit of 560?
6
What is the tens digit of 2211?
1
What is the tens digit of 159?
5
What is the units digit of 3910?
0
What is the tens digit of 39262?
6
What is the hundreds digit of 1567?
5
What is the units digit of 4962?
2
What is the units digit of 432?
2
What is the tens digit of 601?
0
What is the tens digit of 830?
3
What is the units digit of 1965?
5
What is the units digit of 7169?
9
What is the tens digit of 123759?
5
What is the hundreds digit of 300?
3
What is the hundreds digit of 1576?
5
What is the ten thousands digit of 83014?
8
What is the hundreds digit of 7055?
0
What is the tens digit of 32119?
1
What is the units digit of 167514?
4
What is the units digit of 15887?
7
What is the hundreds digit of 26211?
2
What is the units digit of 613?
3
What is the hundreds digit of 3144?
1
What is the tens digit of 1839?
3
What is the hundreds digit of 585?
5
What is the hundreds digit of 26339?
3
What is the hundreds digit of 25805?
8
What is the hundreds digit of 1417?
4
What is the ten thousands digit of 23643?
2
What is the units digit of 7330?
0
What is the units digit of 829?
9
What is the thousands digit of 21462?
1
What is the tens digit of 3766?
6
What is the hundreds digit of 96579?
5
What is the tens digit of 45620?
2
What is the tens digit of 906?
0
What is the ten thousands digit of 10184?
1
What is the units digit of 47333?
3
What is the hundreds digit of 4683?
6
What is the ten thousands digit of 67568?
6
What is the hundreds digit of 14157?
1
What is the units digit of 1274?
4
What is the units digit of 74536?
6
What is the units digit of 97187?
7
What is the tens digit of 150?
5
What is the tens digit of 10391?
9
What is the hundreds digit of 759?
7
What is the hundreds digit of 271?
2
What is the tens digit of 482?
8
What is the units digit of 74566?
6
What is the thousands digit of 15714?
5
What is the hundreds digit of 36110?
1
What is the units digit of 1794?
4
What is the units digit of 17265?
5
What is the tens digit of 991?
9
What is the thousands digit of 22257?
2
What is the hundreds digit of 22354?
3
What is the units digit of 26708?
8
What is the hundreds digit of 1585?
5
What is the tens digit of 13554?
5
What is the tens digit of 459?
5
What is the units digit of 7?
7
What is the units digit of 54?
4
What is the ten thousands digit of 16796?
1
What is the hundreds digit of 1618?
6
What is the tens digit of 20774?
7
What is the tens digit of 1956?
5
What is the ten thousands digit of 13776?
1
What is the hundreds digit of 2993?
9
What is the hundreds digit of 2538?
5
What is the tens digit of 824?
2
What is the units digit of 35175?
5
What is the tens digit of 3061?
6
What is the tens digit of 3545?
4
What is the units digit of 7570?
0
What is the tens digit of 6508?
0
What is the hundreds digit of 129?
1
What is the thousands digit of 1538?
1
What is the tens digit of 43?
4
What is the thousands digit of 5595?
5
What is the tens digit of 3532?
3
What is the hundreds digit of 34736?
7
What is the units digit of 558?
8
What is the units digit of 62994?
4
What is the ten thousands digit of 34290?
3
What is the tens digit of 13134?
3
What is the units digit of 27735?
5
What is the hundreds digit of 17911?
9
What is the units digit of 3683?
3
What is the tens digit of 24323?
2
What is the units digit of 956?
6
What is the hundreds digit of 1063?
0
What is the ten thousands digit of 17047?
1
What is the tens digit of 2272?
7
What is the tens digit of 4718?
1
What is the thousands digit of 3093?
3
What is the hundreds digit of 808?
8
What is the thousands digit of 26199?
6
What is the thousands digit of 54781?
4
What is the units digit of 111?
1
What is the units digit of 5605?
5
What is the hundreds digit of 17570?
5
What is the units digit of 13986?
6
What is the thousands digit of 3975?
3
What is the units digit of 20877?
7
What is the units digit of 22080?
0
What is the thousands digit of 12871?
2
What is the hundreds digit of 254?
2
What is the tens digit of 40?
4
What is the tens digit of 6783?
8
What is the units digit of 44638?
8
What is the units digit of 15029?
9
What is the units digit of 73943?
3
What is the units digit of 2469?
9
What is the ten thousands digit of 83069?
8
What is the ten thousands digit of 7871